Suppose x*y - y - 20 = 0. List the prime factors of y.
5
Suppose 0 = -12*a + 51 + 801. List the prime factors of a.
71
Let k be 2/((-3)/((-3)/2)). Let n be 3/((-9)/(-6))*k. List the prime factors of n - (-4)/(-2) - -7.
7
Let s = 30 + 74. What are the prime factors of s?
2, 13
Let n = -112 + 178. What are the prime factors of n?
2, 3, 11
Suppose 2*z = -3*q, -3*z = 4*q - 5*z. Suppose q*s + 9 = 3*s. What are the prime factors of 4/(-2) - (s + -16)?
11
Let i(d) = -11*d**3 + d**2 + d. Let r be (6 - 0/(-1)) + -2. Let u be (r - 2)*1/(-2). What are the prime factors of i(u)?
11
Suppose -a - 2*m = -11, -4*m = -5*a - 3*m. Let n = a + 8. What are the prime factors of n?
3
What are the prime factors of (-7 + 33)*(-3)/(-2)?
3, 13
Let p(f) = f**2 - f + 1. Let a be 29/(-3) + (-2)/(-3). Let i be (2/(-3))/((-3)/a). What are the prime factors of p(i)?
7
Suppose 13 = 2*t - 5. Suppose -4*r + 7 + t = 0. Suppose r*p - p = 24. What are the prime factors of p?
2
Let o(a) = -2*a**3 - 4*a**2 - a + 2. Let c(x) = x**3 + 5*x**2 + 6*x + 5. Let b be c(-4). Let z = 1 + b. List the prime factors of o(z).
2
Let a be -2 - -2 - (1 + -1). Suppose -2*g + 46 = -a*g. Let b = g + -16. List the prime factors of b.
7
Let n(u) = 7*u - 3. List the prime factors of n(4).
5
Let g = 19 - 9. What are the prime factors of g?
2, 5
Let n be ((-54)/8)/(12/48). Let s = n + 47. List the prime factors of s.
2, 5
Let f be ((-42)/(-9))/(1/3). What are the prime factors of -1*(2 - 4) + f?
2
Let b = -1 + 3. Let u(d) = 2*d**2 + 3*d + 2. Let m be u(-3). Let r = b + m. List the prime factors of r.
13
Let b = 199 - 117. List the prime factors of b.
2, 41
Let r(x) = x - 5. Let j(t) = 2*t - 9. Let v(k) = 6*j(k) - 10*r(k). Let y be v(5). Let m = y + -4. List the prime factors of m.
2
Let z = -50 + 95. List the prime factors of z.
3, 5
Suppose 0*i - i = -15. Suppose -3*b - 7 = -5*d - 1, b - i = -4*d. What are the prime factors of d?
3
Let h(c) = -c**3 + c**2 + 3*c - 4. Let x be 20/(-6) - (-1)/3. What are the prime factors of h(x)?
23
Let w(h) = h**3 - 2*h**2 - h. Let m be w(0). Let o(y) = y**3 + y**2 + 40. What are the prime factors of o(m)?
2, 5
Let x(u) be the first derivative of -u**4/4 - 4*u**3/3 + u**2/2 - 6*u - 5. List the prime factors of x(-5).
2, 7
Suppose -5*u = -1 + 16. Let c = 1 - u. Suppose -2*p - p = -5*j - 9, -2*p = -c*j - 6. List the prime factors of p.
3
Suppose -r = 2 + 1, 3*d = -4*r + 321. List the prime factors of d.
3, 37
Suppose 13*b - 303 = 139. List the prime factors of b.
2, 17
Suppose 856 = -44*j + 48*j. List the prime factors of j.
2, 107
Let w(m) = -m**3 + 5*m**2 + 6*m - 1. List the prime factors of w(4).
3, 13
Let h be ((-4)/5)/(12/(-90)). Let g = h - 4. What are the prime factors of 13/g - (-9)/(-6)?
5
Suppose 0 = 5*z - 67 - 18. Suppose -2 = -p + z. List the prime factors of p.
19
Suppose a = r, -5*a - 4*r = -3*a + 30. Let l = 14 + a. What are the prime factors of l?
3
Suppose 4*g = 2*n + 2*g + 6, 0 = 3*n - 2*g + 7. Let p = 23 - n. What are the prime factors of p?
2, 3
Let l = 3 + -3. Suppose 5*b = -5*y + 16 + 74, l = -y - 5. Suppose n = 3*r + b, 4*n + r + 3 - 30 = 0. List the prime factors of n.
2
Suppose -4*o - 120 = o. What are the prime factors of 1*(-6)/(o/100)?
5
Suppose -3*a - 4*d = 33 - 421, -5*a - 2*d = -642. List the prime factors of a.
2
Let v(h) = -7*h - 14. List the prime factors of v(-4).
2, 7
Let a(b) = 0 + 0 + 1 + 16*b. List the prime factors of a(1).
17
Suppose -3*d + 0*d + 9 = 0. List the prime factors of 102/8 - d/4.
2, 3
Suppose 16 = 2*u - w - 35, -3*u + 79 = w. Let m = u - 16. List the prime factors of m.
2, 5
Let g = 4 + -4. Suppose -4*v + 8 = g, -3*p - 62 = -7*p - 5*v. What are the prime factors of p?
13
Let y = 71 + 35. What are the prime factors of y?
2, 53
Let y = 0 - -3. What are the prime factors of (0 - -2) + 14 - y?
13
Suppose -22 = -5*x - 4*v, -2*x + 16 = -x - 5*v. Suppose -2*d - 5*h = -x, 24 = 3*d - d - 4*h. List the prime factors of d.
2
Suppose -6*f = -10*f + 84. List the prime factors of f.
3, 7
Let u = 24 + -12. List the prime factors of u.
2, 3
Let x = -339 + 587. What are the prime factors of x?
2, 31
Let z(p) = -8*p - 24. What are the prime factors of z(-10)?
2, 7
Suppose -20 = -7*v + 2*v. Suppose 1 = -v*f + 177. Suppose -l = -2*k + f, 3*k - k - 56 = 4*l. What are the prime factors of k?
2, 5
Let o(k) = -k**2 + 7*k - 6. Let u be o(6). Suppose 2*t = -2, -2*t + u*t + 58 = 5*c. What are the prime factors of c?
2, 3
Suppose 2*m = -2*m. Suppose 4*j + 4*c - 52 = m, 2*j + c - 16 = 10. Let l = 25 - j. What are the prime factors of l?
2, 3
Let d(b) = 21 - b + b**2 + 0*b - 6. What are the prime factors of d(0)?
3, 5
Let p = -188 + 278. List the prime factors of p.
2, 3, 5
Suppose 0*i = -3*i. Suppose i = -2*n - 17 + 1. Let u = 24 + n. What are the prime factors of u?
2
Suppose -4*m - 18 + 2 = 0. Let z = -3 - m. What are the prime factors of 11 + z + -3 - 0?
3
Let w(p) = p**3 - 7*p**2 + 5. Suppose 2*c + 52 = 6*c - 4*n, 0 = -2*n - 4. Let m = c - 4. What are the prime factors of w(m)?
5
Suppose -4*v = -3*o - 129, v + 4*o = -0*v + 18. List the prime factors of v.
2, 3, 5
Let h be 12 + (2 - (1 - -3)). Let y = -59 + 24. List the prime factors of (y/h)/((-2)/4).
7
Suppose -5*i + 14 = 4. Let u(t) = 5*t**2 + 2. Let p be u(i). Suppose 2*w - p = -0*w. List the prime factors of w.
11
Let z(c) = 6*c + 214. What are the prime factors of z(0)?
2, 107
Let z(g) = -26*g - 37. List the prime factors of z(-14).
3, 109
Let w be (-1 - -3) + 5 + 2. Suppose 0 = u + z - 6, -u + w*z - 18 = 4*z. List the prime factors of -2*(u*-1)/2.
2
Let b be 1/2*(-2 + 10). What are the prime factors of (-2 - -7 - 3) + b?
2, 3
List the prime factors of (-629)/51*(-3 - 0).
37
Let s be (3/(-4))/(2/(-8)). Suppose -s*j + 4*d = -6*j - 4, 5*d = 5*j - 40. What are the prime factors of j?
2
Let d = 524 - 295. List the prime factors of d.
229
Let d(n) = n**2 + 10*n + 9. Let v be d(-10). Let s = 30 - v. What are the prime factors of s?
3, 7
Suppose -4*m + 175 = 31. List the prime factors of m.
2, 3
Suppose -207 = -3*n - 6*n. List the prime factors of n.
23
Let g be (2 - 4) + 66/3. Suppose 5 = -m + g. What are the prime factors of m?
3, 5
Suppose -5*l + 15 = 0, -5*m - 2*l - 9 = 35. Let j(r) = -r**2 - 12*r - 9. List the prime factors of j(m).
11
Suppose 2*x + 4*j + 0*j = 56, 64 = 3*x + 2*j. Let f = x + 3. What are the prime factors of f?
3, 7
Let r(b) = 4*b - 23. What are the prime factors of r(19)?
53
Let t(z) = 7*z**2 + 27*z - 9. What are the prime factors of t(-9)?
3, 5, 7
Suppose 5*t - 6 - 24 = 0. What are the prime factors of (-6 + 0)/(t/(-9))?
3
Suppose v - 32 = 5*r, -4*r + 18 = 5*v - 55. Suppose -3*l + g = -2*g - 99, -2*l + g = -61. Let k = l - v. What are the prime factors of k?
11
Suppose 6 - 1 = 5*m. What are the prime factors of m*-2 - (1 - 13)?
2, 5
Let j = 18 + -12. Suppose 3*h - j = 4*f - f, 5*h - 14 = 3*f. List the prime factors of h.
2
Suppose -4*o + 9*o = 5*h - 35, h - 5 = 0. What are the prime factors of ((-2)/5)/(o/40)?
2
Let s(f) = -7*f**2 + 1. Let x be s(1). Let a = x - -18. List the prime factors of a.
2, 3
Let a = 15 + -15. Suppose y + 84 = 4*p, p - 2*y - 18 - 10 = a. List the prime factors of p.
2, 5
Let d(c) = 3 - 5 - 2*c**3 + 4*c**2 + c**3 + 6*c. Let o be d(5). List the prime factors of (o/9)/((-2)/(-24)).
2
Let i = 23 - -51. List the prime factors of i.
2, 37
Let d(u) = -u + 3. Let k be d(3). Let t be 2 + (-1 - k) - -2. Suppose -4*o - 3*w + 6*w = -23, 2*w - 30 = -t*o. What are the prime factors of o?
2
Let k(a) = -a**2 - 7*a - 3. Let x(u) = 3*u**2 + 14*u + 6. Let s(n) = -5*k(n) - 2*x(n). Let h be s(7). Let z = 5 - h. List the prime factors of z.
2
Let b be (-1)/(-2) + (-14)/(-4). Suppose -b = -2*j + 6. List the prime factors of j.
5
Suppose -4*n - 3 = 2*a + 5, -5*a + 50 = -4*n. Let z(y) be the second derivative of y**3/6 - 2*y. What are the prime factors of z(a)?
2, 3
Let t be 12 + -1 + 6 + -4. Suppose k + 12 = 4*n + 5*k, 0 = 5*n + 3*k - t. What are the prime factors of n?
2
Let j be 4/6*(-12)/(-8). What are the prime factors of j/(-1)*(0 - 12)?
2, 3
Let j = -13 + 17. What are the prime factors of j?
2
Let d(y) = -3*y - 9. Let h be d(-3). Suppose -141 = -h*v - 3*v. What are the prime factors of v?
47
Let v be 0 + -2 + 0 + 0. List the prime factors of 1/(1/15) + v.
13
Let r(l